*54/(-3). Let j be q(p). What is the greatest common factor of j and 8?
2
Let w be (-448)/(-10) + 2 + (-5)/(-25). Suppose -153 = -5*m + m - 5*v, m + 3*v = w. Let x = m + 67. Calculate the highest common divisor of x and 9.
9
Suppose -132*q = -136*q + r + 3023, -3*q - 2*r = -2248. What is the highest common divisor of 286 and q?
26
Let w(b) = 17*b + 12*b + 4*b**2 - 6*b**2 - 11 - 14*b. Let c be w(5). Suppose y + 1 = 8. What is the highest common divisor of y and c?
7
Suppose 4*j = -340 + 1084. Suppose -2645*p - 5*z + 284 = -2644*p, 560 = 2*p + 2*z. What is the highest common factor of p and j?
93
Let j be (644/2093)/((-2)/(-416)). What is the greatest common factor of j and 37312?
64
Let d be 0 + 15659 + -13 + (2 - -12). What is the greatest common divisor of 360 and d?
180
Let i = 35 - 75. Let n = i + 37. Let t be n/(-3) + -1 + 29. What is the greatest common divisor of t and 29?
29
Suppose 3*k = -v - 14, -k + 0 = 2*v + 3. Let p be (3/9 + (-410)/150)*k. Let a(g) = 2*g - 8. Let j be a(6). Calculate the greatest common divisor of j and p.
4
Suppose p + 4*p = -5*p + 3280. Calculate the highest common divisor of p and 24.
8
Let l be (-448)/(-12) - (-12)/18. Suppose 4*t = f - l, -63 = -2*f - 7*t + 2*t. Calculate the highest common factor of 306 and f.
34
Let i = -33807 + 33815. Calculate the greatest common divisor of i and 628.
4
Let w = -8882 + 21189. What is the highest common factor of w and 62?
31
Let x(d) = -2*d**3 - 7*d**2 + 4*d + 1. Let o be x(-6). Let p = o - -943. Suppose -5*f + p = -0*f. Calculate the greatest common divisor of f and 20.
20
Let o = 2753 - 1792. What is the highest common factor of o and 93?
31
Let f = 64 - -150. Suppose -f = -3*x + 86. Let m be ((-60)/48)/((-1)/8). Calculate the greatest common divisor of x and m.
10
Suppose -x - h = -61, 2*x - 15*h - 127 = -18*h. Calculate the highest common divisor of 476 and x.
28
Suppose -4*w = 2*k - 140, 122*w - 127*w + 203 = -k. Calculate the highest common divisor of 15 and w.
3
Suppose -l = 3*l - 384. Suppose -2*b = 4*t - 114, t - 2*t = 4*b - 25. Suppose -17 = 2*q - t. What is the greatest common divisor of l and q?
6
Let t be 3*1 - (1 + 40/8). Let y be 46 + (-4)/(-12)*t. Calculate the greatest common divisor of 5 and y.
5
Let u = -30339 - -30975. Calculate the highest common factor of 795 and u.
159
Let k(z) = 22*z**3 - 5*z**2 + 12*z - 7. Let c be k(1). Let t(f) = 5*f - 4 - 3 + 3. Let h be t(3). Calculate the highest common factor of h and c.
11
Suppose 24 = 4*f - 2*i - 0, 2*f - 4*i = 6. Let q be 20 + 2/(6/3). What is the highest common factor of q and f?
7
Let n = -5628 - -7149. What is the highest common factor of 585 and n?
117
Suppose -3*o + 5*g + 27 = 0, 3*g + 43 = 4*o + 7. Suppose -4*x - 242 = -2*y, 4*y - 570 + 104 = -x. What is the highest common divisor of o and y?
9
Suppose 5*y = -2*b + 8264, -16558 = 6*b - 10*b + 5*y. Calculate the highest common divisor of b and 21.
21
Suppose 115*t - 117*t + 644 = 2*a, a = 2*t + 310. What is the greatest common factor of 6519 and a?
159
Suppose 50 = -21*n - 34. Let i(m) = -2*m**2 - 10*m + 30. Let c be i(n). What is the highest common factor of 380 and c?
38
Let b(w) = 7*w + 2. Let n be b(1). Let z(j) = -n + 74*j - 61*j + 2. Let v be z(1). What is the highest common factor of v and 6?
6
Suppose 3*m - 2 = p - 18, -3*p = -3. Let i(r) = -r**3 + 3*r**2 + 7*r - 11. Let a be i(m). Calculate the greatest common factor of 28 and a.
14
Let p be (-7 - (-6 + 1)) + -1 + 3. Suppose n + 4*n - 20 = p, n - 14 = -2*v. Suppose 130 = -v*h + 7*h. What is the greatest common factor of 13 and h?
13
Suppose 2*y - 2*w = 540, 4*y + 6*w + 369 = 1449. What is the greatest common factor of 34 and y?
2
Let t be (14 + -11)/(2*(-1)/(-244)). Let y = 502 - t. Calculate the highest common divisor of y and 102.
34
Let r(z) = -69*z**2 + 312*z - 1. Let a be r(4). What is the greatest common divisor of a and 1111?
11
Let i(d) = -d**3 - 10*d**2 - 3*d - 21. Let k be i(-9). Let t be ((3 + k)/(-4))/((-12)/(-30)). Calculate the greatest common divisor of t and 6.
3
Let v be (90/15 - 4/((-8)/(-3)))*36. Calculate the highest common divisor of v and 8262.
162
Let w = -5259 - -6133. What is the highest common factor of 92 and w?
46
Let q be (-40)/(-6) + 1 + (-4)/6. Suppose -4*r = -q*r - 132. Let h = r - -49. Calculate the highest common divisor of 15 and h.
5
Suppose -412 = -2*k - 4*a - 104, 3*k = -5*a + 458. Suppose -4*g - 2*y + k = -6, -3*y + 28 = g. Calculate the greatest common factor of 16 and g.
8
Suppose -5*m - 6*b = -8*b - 1245, -3*m = -2*b - 751. Suppose 0 = 2*q - r - 237, 2*q + 5*r - m = 4*r. Calculate the greatest common factor of q and 55.
11
Let n(g) be the second derivative of g**4/12 - 4*g**3/3 - 57*g**2 - 22*g - 2. Let l be n(27). Calculate the greatest common factor of 114 and l.
57
Let o = -18750 - -18905. What is the greatest common divisor of 62 and o?
31
Let o(b) = -b**3 + 10*b**2 + 102*b + 38. Let m be o(14). What is the greatest common factor of m and 253?
11
Let y = -67 - -152. Let z = 848 + -838. What is the highest common divisor of z and y?
5
Suppose -8*n + 29034 = -7*n + 3*d, -2*n + d = -58089. What is the greatest common divisor of n and 63?
63
Suppose 4304 = 3*d + 5*v - v, -5*v = -d + 1403. What is the highest common factor of d and 56?
28
Let l be (-5)/((-5)/101)*1. Let b = l - -24. Suppose 15*s = 10*s + b. What is the greatest common factor of s and 225?
25
Let q = 170 - -2. Suppose -60 = -r + 3*l, -4*r - 5*l + q = -0*l. What is the greatest common factor of r and 104?
8
Let g = -4856 + 5102. Calculate the greatest common divisor of g and 24846.
246
Let y = 4009 - 3811. Calculate the highest common divisor of 66 and y.
66
Let d = -150 + 159. Let l be 4 - (d/(-3) + -67 - 3). Calculate the highest common factor of 231 and l.
77
Suppose 0 = -a + 4, 0 = -21*j + 25*j - 2*a. Suppose -39 = 2*z + 27. Let m = z - -47. What is the greatest common divisor of j and m?
2
Let u be 140/6 + 4/6. Let y be 5/2*u/15. Let t(j) = 5*j**2 - 194*j + 1115. Let x be t(7). What is the greatest common factor of x and y?
2
Let d be (32/40 + 127/10)*62. Let h = d - 826. Let y = 4 + 7. Calculate the greatest common divisor of y and h.
11
Let n(t) = -233*t - 1299. Let s be n(-6). What is the greatest common divisor of s and 11?
11
Let s = 4916 + -4906. Suppose -2*c = -3*r - 3*c + 267, -465 = -5*r + 5*c. Calculate the highest common factor of s and r.
10
Let o = 17 + -15. Suppose 3*s = -5*q - o*s - 135, -3*s = 9. Let l(y) = -y**2 - 22*y + 49. Let t be l(q). Calculate the highest common factor of 8 and t.
1
Suppose -5*t + 1606 = -194. What is the highest common divisor of 75 and t?
15
Let l = -28 - -61. Suppose -l = -7*g + 107. What is the greatest common factor of g and 28?
4
Let q(t) = 78*t**2 - 9*t + 15. Let m be q(3). Let o = m - 378. What is the greatest common factor of 24 and o?
24
Suppose -49590 = -83*c + 38*c. Calculate the greatest common divisor of 722 and c.
38
Suppose -5*m - b + 9 = 0, -3*b + 4 = -2*m + 11. Suppose 5*v - 3*s - 10 + 3 = 0, -v = m*s - 4. Let r = 286 + -272. What is the highest common factor of r and v?
2
Suppose 9 = 3*q - 4*d, -15*d = 2*q - 16*d - 6. Let j be (-2)/(-3)*q - (29 - 33). Suppose -1 = n - 16. What is the highest common divisor of n and j?
3
Suppose -1750 = -b - 4*b. Let i = 661509 - 661481. What is the highest common divisor of i and b?
14
Let x = -2401 + 2661. What is the greatest common divisor of x and 380?
20
Let w = -2780 + 3380. What is the highest common divisor of w and 2600?
200
Suppose 65*a = 77*a - 177*a + 5280. Let s = 56 + -40. Calculate the greatest common divisor of a and s.
16
Suppose s - 3 = 2. Suppose -s*o + 100 = -o. Suppose -4*g = -o - 55. Calculate the greatest common divisor of g and 8.
4
Suppose 49*o + 20*o - 340 - 695 = 0. What is the highest common factor of 9105 and o?
15
Let u = -676 + 972. Let g = -111 - -115. Suppose x - g = 33. Calculate the greatest common factor of x and u.
37
Suppose 0 = -2*a - r + 101, -3*r + 5*r = 10. Let d = a + -32. What is the greatest common divisor of d and 256?
16
Suppose 3*n - 11 = 5*y, -3*n + 4*y = -29 + 16. Let w be 160/28 + 2/n. Calculate the greatest common divisor of 246 and w.
6
Let w(s) = 3*s - 10. Let x(q) = 3*q - 9. Let z(v) = 3*w(v) - 2*x(v). Let b be z(7). Let p be (-88)